h(r).
7
Suppose 3 + 5 = 2*c. Let w(n) = -3*n**2 + n**2 + 3*n**2 - 2 + 3*n - 2*n**2. What is w(c)?
-6
Let h(q) = -71*q - 4*q**3 + 34*q + 40*q + 5*q**3 + 24 + 18*q + 19*q**2. Calculate h(-18).
-30
Let l(x) = -x - 12. Let c(i) = -3*i - 6. Let g be c(-4). Suppose 0 = -4*a + 5*a + g. Let s be 8/(-12)*(-63)/a. Determine l(s).
-5
Let r(b) = 2 + 4*b - 15*b - 6*b + 2*b. Give r(-2).
32
Suppose 6*x - 2 = 5*x. Let a(q) = 4*q + q + 2 + 0*q**3 + q**3 + q**2 - 6*q. Give a(x).
12
Let h(s) = -s**2 - 2*s + 2. Let l(i) = 2*i - 4. Let u be l(3). Determine h(u).
-6
Let m(v) = 7 - 4 + 5*v + 8*v + 15*v - 27*v. Determine m(7).
10
Let l(y) be the first derivative of 2*y**2 + 8*y - 24. Let r(m) = -m - 3. Let k(i) = -3*l(i) - 8*r(i). Suppose -3*p - 1 - 5 = 0. Give k(p).
8
Suppose b = -3*b + 8. Suppose 4 = -b*p + 2. Let t(s) = 4*s. Let o(j) = -2*j. Let x(i) = 7*o(i) + 3*t(i). Calculate x(p).
2
Let b = -52 + 48. Let z(l) = l**3 + 5*l**2 + l. Calculate z(b).
12
Let z be -11 + 12/((-4)/(-1)). Let r = z - -2. Let l(m) = 3*m**2 + 0*m**2 - 3 - 4*m**2 - 8*m. Calculate l(r).
9
Let c(s) = 2*s**3 - 2*s**2 + s. Let g(k) = 12*k**3 + 7*k**2 - 4*k - 1. Let w(u) = 3*c(u) + g(u). Give w(-1).
-17
Suppose 7*x - 8*x + 5*w = -26, 0 = x - w - 14. Let f(t) = -t**2 + 10*t - 1. Calculate f(x).
-12
Let g = 314 + -311. Let j(i) be the first derivative of -g + 7/2*i**2 - 9*i - 1/3*i**3. Calculate j(6).
-3
Let b(a) = -27*a**2 - 2 + 12*a**2 + 2*a + 16*a**2 + 1. What is b(-2)?
-1
Let b(w) = 18*w - 6857 + 6875 + 5*w**2 + w**2 - 4*w**2. What is b(-8)?
2
Let s(x) = -x + 1. Suppose -5*z = -k - 318, -2*z - 3*k - 250 = -6*z. Suppose z = -11*h + 19*h. What is s(h)?
-7
Let c(j) = j**2 - 6*j + 5. Let v be (15/(-2) - (29 + -36))*-12. Give c(v).
5
Let w(t) = t**3 + 3*t**2 + 7*t + 7. Let n be w(-3). Let p(c) = 5*c + 15. Calculate p(n).
-55
Let d(m) = -m**2 + 8*m + 7. Suppose 0*n + 333 = 9*n. Suppose 39*c - n*c - 16 = 0. Calculate d(c).
7
Let d(w) = -w - 3. Suppose 24 = -4*v + 20. Let j(k) = -6*k. Let y be j(v). Let c = y - 12. Calculate d(c).
3
Suppose -2*k + 0*k = 0. Suppose k = -5*x - 0*x. Let d(g) = g**2 + 8. Give d(x).
8
Let d(m) = m**3 - 22*m**2 + 3*m - 62. Let c be d(22). Let l(u) = u**3 - 4*u**2 + 3. Give l(c).
3
Let o(c) = -2*c**3 - 18*c**2 - 35*c - 1. Let t be o(-6). Let m(x) = -x - 4*x + 3*x + 4. What is m(t)?
18
Let h = -3 + 6. Let d(k) = -k**2 + 10*k + 178. Let o be d(19). Let b(z) = 7*z + 2*z**3 + o*z**2 + z - h*z**3. Determine b(8).
0
Suppose -5*b + 2*r - 20 = -7, -3*b + 5*r = 4. Let f(a) = 15 + 25 + 4*a**2 + a**3 + 0*a**2 - 41. Calculate f(b).
8
Let r = 21 - 17. Let b(h) be the third derivative of -h**4/8 - 13*h**3/6 + 5*h**2. Let f(o) = -o - 6. Let u(c) = r*b(c) - 10*f(c). Determine u(6).
-4
Let a(g) = -5*g**2 + g. Let s(q) = -4*q**2 - 7*q - 3. Let v(u) = -a(u) + s(u). What is v(8)?
-3
Suppose 2*v - n + 18 = 2*n, 0 = n - 2. Suppose -3*k - 2 + 11 = 0. Let q(y) = 5*y**2 + k*y - 4*y + y**3 - 1 - 4*y. What is q(v)?
-7
Let a(y) = -y. Let t(g) = -g**2 - 3*g - 1. Let k(q) = 2*a(q) + t(q). Let c(x) = -x**2 - 7*x - 14. Let u be c(-2). Give k(u).
3
Let g be 2 - (-1)/2*8. Let d(y) = g*y - 4*y - 4 + 16. Let x be d(-8). Let r(s) = s**3 + 5*s**2 + 4*s + 2. What is r(x)?
2
Let t(j) = -9 + 0*j + 6*j + 8. Let u(f) = -5. Let z(q) = -11. Let s(r) = -9*u(r) + 4*z(r). Let v(n) = -s(n) + t(n). What is v(-2)?
-14
Let i(f) = f**2 + 5*f + 5. Suppose 81 = -25*x + 31. Calculate i(x).
-1
Let a(f) = f**3 + 5*f**2 - 8*f - 7. Let o be 116/(-24) + (-3)/18. Let h(k) = -k**3 - 5*k**2 + 8*k + 7. Let y(p) = o*a(p) - 4*h(p). Determine y(-6).
-5
Let d(t) be the third derivative of -t**4/6 - t**3 + 76*t**2. Determine d(-6).
18
Let u(t) be the first derivative of 7*t**4/4 - 2*t**3/3 + t**2/2 - 2. Suppose -100*d = -105*d - s + 4, 4*d - 3*s - 7 = 0. Calculate u(d).
6
Let k(p) = 3*p + 0*p - 2 + 4*p**2 + p**3 - 6*p + 4*p - 6*p. Give k(-5).
-2
Let j(v) = -v**3 + v**2 + v + 13. Let r(y) = -2*y**3 + 3*y + 2*y**3 + 3 - 5*y - y**3 - 4*y**2. Let s be r(-3). What is j(s)?
13
Let n(h) = 3 - 4*h - 10 - h + 3. Let p(c) = 3*c. Let j(l) = 5*l. Let z(f) = 4*j(f) - 7*p(f). Let i(v) = -n(v) + 6*z(v). Determine i(6).
-2
Let h(g) = 10*g**3 - g + 1. Let c be h(1). Let d = c + -10. Let z(n) = d + 3*n - 5 + n**2 - 7*n. Give z(5).
0
Let m be 18 + -14 - 1/1. Let o(t) = 6*t - 2. Let i(r) = -11*r + 4. Let s(d) = m*i(d) + 5*o(d). Suppose -5*w = 5*z - 10, -3*z + z = -4*w - 16. What is s(z)?
-10
Let d(v) be the second derivative of -2*v**3/3 + 3*v**2/2 + v. Let z be d(2). Let x(l) = -2*l - 5. Determine x(z).
5
Let s(n) = -3*n**2 - 1. Let j be s(1). Let w(a) = -17*a - a**2 + 2 - 5 + 10*a. Calculate w(j).
9
Suppose 0*y + y = 4*u - 40, 5*u = 3*y + 57. Let f(s) = -7 + 3*s - 2*s + 0. Give f(u).
2
Let v = 3 - -14. Let t = -11 + v. Let c(o) = -o**2 + 6*o - 3. Calculate c(t).
-3
Let c(n) be the first derivative of n**2/2 + 5*n + 64. Determine c(-7).
-2
Let u(a) = a**2 - 12*a - 13. Let o(t) = -6*t - 6. Let b(j) = -9*o(j) + 4*u(j). Let i be b(-2). Let x(d) = -d + 12. What is x(i)?
6
Suppose -m + 3*m + 2 = 2*r, -5*m - 25 = 0. Let h(b) = -b**3 - 4*b**2 - 5*b - 6. Calculate h(r).
14
Let u(t) be the third derivative of -34*t**2 + 2/3*t**3 + 1/20*t**5 + 0*t + 1/120*t**6 - 1/8*t**4 + 0. Let l = -3 + -1. Calculate u(l).
0
Let u(g) = g**2 + 6*g + 3. Suppose -2*h - 10*f + 6*f - 12 = 0, -2*h - 12 = -4*f. What is u(h)?
3
Let l(t) = -3*t - 1 - 1 - t - 2196017*t**2 + 2196016*t**2. Suppose p - 21 = 5*w, -4 + 3 = -p. Give l(w).
-2
Let n(o) = -o + 7. Let z(s) = s**3 + 8*s**2 - 7*s + 13. Let d be z(-7). Let p be d/18 + (-2)/12. What is n(p)?
1
Let n be ((-4)/5)/(12 - 7524/630). Let a(s) = -s**2 - 11*s + 38. Calculate a(n).
-4
Let z(x) = x + 1. Let d = -3016 + 3005. Give z(d).
-10
Let f(y) be the first derivative of 23 + 1/2*y**2 + 0*y + 1/3*y**3. Determine f(0).
0
Let d = 0 + 0. Let m(o) = 5*o**2 - 166*o + 4. Let f(w) = 2*w**2 - 71*w + 1. Let v(p) = 7*f(p) - 3*m(p). What is v(d)?
-5
Let d(p) = -p**3 + 6*p**2 - p + 3. Suppose -4*n + 65 = -5*h, 3*n - 2*h = 6 + 34. Let s be (-3)/(-5)*1*n. Give d(s).
-3
Let v = -107 + 103. Let o be -6*5/(-30)*v. Let z(n) = -n**3 - 5*n**2 - 5*n + 4. What is z(o)?
8
Let o(n) = 18*n**3 - 2*n**2 + 7*n + 30. Let j(a) = a**2 - a - 7. Let b(p) = -4*j(p) - o(p). Give b(-1).
17
Let b(s) = -13*s**3 - 7*s**2 - 4*s. Let f(h) = -4*h**3 - 4*h**2 - h - 1. Let d(l) = b(l) - 3*f(l). Let z = 12 - 7. Give d(z).
-2
Let k(i) = 5*i**2 + i + 1. Let l(x) = 7*x**2 + 2*x + 1. Let o(v) = 3*k(v) - 2*l(v). Give o(3).
7
Let s(l) = -8*l - 28. Let z(r) = -r**2 - 8*r - 1. Let k(u) = s(u) - z(u). Give k(-5).
-2
Let c be (-104)/(-6) - 28/(-42). Let v be (-10)/c*6/(-10)*-3. Let i(a) = -11*a**2. Calculate i(v).
-11
Let k(r) be the second derivative of -4*r**3/3 - 5*r**2/2 + 111*r + 4. Suppose -3*c - 26 + 2 = -4*n, -n + 3 = 0. What is k(c)?
27
Let p(b) be the first derivative of -2*b**2 - b - 2. Let t = -1702 + 1701. Calculate p(t).
3
Let q(f) = f. Let v(t) = -1 - 2*t + 4 - 6 + 2 + 9*t**2. Let x(i) = 4*q(i) + v(i). Give x(1).
10
Let c(j) = 7*j**3 - 17*j**2 - 12*j + 2. Let l(z) = -z**3 + z**2. Let x(s) = c(s) + 6*l(s). Calculate x(12).
2
Let y(u) be the first derivative of -u**3/3 + 3*u - 1. Suppose 0 = -2*w + 13 + 39. Let o = w - 26. Determine y(o).
3
Let k(c) = -4*c**3 + 14 + 0*c**3 + 2 - 11 + 3*c**3. Determine k(0).
5
Let f(a) = a**3 + a**2 + 1. Let n be 2/((-4)/(-4)) - -2. Suppose 3*r - 3*h = -6*h - 24, -2*r - 10 = -n*h. Let b(m) = -m - 9. Let j be b(r). Give f(j).
-3
Let v = -6 - -6. Let c be (3 - v) + (-3)/(-1). Let l be ((-12)/(-18))/((-4)/c). Let g(x) = 5*x**3 + x + 1. Determine g(l).
-5
Let h(d) = d**2 + 3*d - 3. Let o be -5*20/(-75)*6/4. Suppose -4*x = 5*y + x + 30, 3*x = o*y - 3. Determine h(y).
-3
Let v(r) = 4*r**3 + 29*r**2 - 12*r - 43. Let y(k) = -k**3 - 7*k**2 + 3*k + 11. Let d(l) = 2*v(l) + 9*y(l). Give d(-5).
-2
Let o(a) = -a**3 - a + 454*a**2 - 6*a + 0*a**3 - 461*a**2 - 1. Suppose 6*d - 4*d = 36. Let i = 12 - d. Determine o(i).
5
Let y(n) = -n**2 - 10*n - 17. Let g be y(-5). Let f(p) = p**3 - 8*p**2 + 5*p - 33. Let a be f(g). Let q(c) = -c**2 + 8*c - 7. Determine q(a).
0
Let a be 40/15*15/4. Suppose -f = 4*f - 75. Let r be (a/(-6))/(5/f). Let m(w) = -w**3 - 5*w**2 - 3*w - 7. Determine m(r).
8
Let a(r) = 16 - r**2 - 18 + 3*r + 2*r**2. Let z(s) = -s**2 - s - 4. Let b be z(0). Let 